- -317?
315
In base 14, what is -22 + -1?
-23
In base 15, what is 262 + 6?
268
In base 10, what is 0 + -136?
-136
In base 5, what is 4 + 10?
14
In base 3, what is -100 - 11?
-111
In base 15, what is -159c + 4?
-1598
In base 12, what is -5a + -26?
-84
In base 7, what is -13 + 44?
31
In base 9, what is -45 + -12?
-57
In base 7, what is 1 - 434?
-433
In base 9, what is 5531 + -4?
5526
In base 3, what is -1211202 + 12?
-1211120
In base 2, what is 100 - 11010001000?
-11010000100
In base 15, what is -51 - 1a?
-6b
In base 12, what is -30 + -4?
-34
In base 4, what is -1222 + 10?
-1212
In base 10, what is -639 + -2?
-641
In base 10, what is -1 - 89?
-90
In base 14, what is -2 - 25?
-27
In base 2, what is 101 + -10100011100?
-10100010111
In base 11, what is 5 - 2287?
-2282
In base 5, what is 4301 + 3?
4304
In base 6, what is -120 - -14?
-102
In base 2, what is -10 + -1001101?
-1001111
In base 7, what is -330 - -26?
-301
In base 13, what is -3 + 294?
291
In base 7, what is 4664 + -2?
4662
In base 9, what is 2 - -44?
46
In base 10, what is 0 - 774?
-774
In base 10, what is -90 + 3?
-87
In base 4, what is 321 - 20?
301
In base 15, what is 207 + 3?
20a
In base 3, what is -112 + -10111?
-11000
In base 5, what is -224 + -10?
-234
In base 6, what is -3 + 110?
103
In base 16, what is -3 - -a15?
a12
In base 11, what is -1948 - 2?
-194a
In base 13, what is -3 + 47?
44
In base 4, what is 2001 + 3?
2010
In base 5, what is -401 + 1?
-400
In base 7, what is -1211 - -1?
-1210
In base 11, what is 60 + -1?
5a
In base 4, what is -301332 + -10?
-302002
In base 13, what is -1 + -554?
-555
In base 8, what is -333 - 3?
-336
In base 16, what is -45d - -6?
-457
In base 11, what is -150 + -3?
-153
In base 11, what is 13 + -8?
6
In base 8, what is -1313 - -3?
-1310
In base 8, what is 0 + 6216?
6216
In base 12, what is -4a + -5?
-53
In base 8, what is 110 + 1?
111
In base 11, what is a + 2a3?
302
In base 16, what is 21 - -5?
26
In base 3, what is 122001 + -121?
121110
In base 2, what is -1 + 10101110?
10101101
In base 16, what is 3 - b91?
-b8e
In base 4, what is 13 + 2201?
2220
In base 12, what is 5613 - -3?
5616
In base 6, what is 3 + 22023?
22030
In base 14, what is 17 - 73?
-5a
In base 6, what is 1 + 210?
211
In base 6, what is 20 - -55?
115
In base 7, what is -1 + 44?
43
In base 6, what is 1132 + 3?
1135
In base 4, what is 2 + -21?
-13
In base 10, what is -1 - -41?
40
In base 6, what is -3 - 1033?
-1040
In base 5, what is -23 - 3?
-31
In base 6, what is -3 + -10233?
-10240
In base 9, what is 166 - -100?
266
In base 7, what is 11 + 352?
363
In base 11, what is 1 - -2a?
30
In base 8, what is -3314 + -3?
-3317
In base 13, what is 63 + -1?
62
In base 16, what is -3 - -57?
54
In base 4, what is -201 - -10?
-131
In base 10, what is 186 - -2?
188
In base 9, what is 24 - 3?
21
In base 15, what is 39c - 4?
398
In base 6, what is 25 - -1?
30
In base 6, what is -12 + 43?
31
In base 7, what is 26 - -13?
42
In base 4, what is 1113 - -10103?
11222
In base 16, what is 5 + -14b?
-146
In base 12, what is 29 + -10?
19
In base 10, what is -61 - -6?
-55
In base 7, what is -5 - -344?
336
In base 7, what is -5 - -1045?
1040
In base 12, what is -59 + 109?
70
In base 14, what is 229b + -1?
229a
In base 9, what is -21 + 6?
-14
In base 3, what is 1000012 + -12?
1000000
In base 11, what is 187 + -4?
183
In base 12, what is 3 + -108?
-105
In base 13, what is -4 - -11a?
116
In base 11, what is 34 - 23?
11
In base 10, what is -14181 - 5?
-14186
In base 10, what is 5 - 0?
5
In base 5, what is 132 + -10?
122
In base 15, what is 284 + 24?
2a8
In base 8, what is 0 + -104?
-104
In base 11, what is 1a - 117?
-a8
In base 11, what is 669 - -6?
674
In base 16, what is 429 - -5?
42e
In base 14, what is -8a + 0?
-8a
In base 7, what is 4546 - -1?
4550
In base 5, what is -22 + -1100?
-1122
In base 14, what is 17 - 212?
-1d9
In base 8, what is -31 + 131?
100
In base 15, what is -2 - -2cb?
2c9
In base 6, what is -3 + -51?
-54
In base 5, what is -21443 - 3?
-22001
In base 3, what is -1 - -1120?
1112
In base 15, what is 2 + -48?
-46
In base 16, what is -25 + -fe?
-123
In base 4, what is -213 - -10131?
3312
In base 9, what is -148 + -8?
-157
In base 16, what is -4 + -1e?
-22
In base 12, what is 86 - -17?
a1
In base 14, what is -1 - -1a7?
1a6
In base 5, what is 3 + 130?
133
In base 10, what is 28 - 27?
1
In base 13, what is 5 + -ba?
-b5
In base 11, what is 39 + 26?
64
In base 3, what is 1 - 12001?
-12000
In base 10, what is -2 + -371?
-373
In base 15, what is -736 + -6?
-73c
In base 12, what is -a - 738?
-746
In base 9, what is 7 - -127?
135
In base 14, what is -9 + -215?
-220
In base 15, what is 1a + -7e?
-64
In base 13, what is -a0 - -14?
-89
In base 3, what is 200001 + 10?
200011
In base 9, what is -31 - 13?
-44
In base 4, what is 3 - 10330?
-10321
In base 10, what is 1 - 14?
-13
In base 14, what is -161 - 4?
-165
In base 6, what is 5335 - -2?
5341
In base 5, what is -41 + 3332?
3241
In base 8, what is -71 + -3?
-74
In base 8, what is -1 + 4747?
4746
In base 9, what is 4 + -21?
-16
In base 6, what is 11 + 141?
152
In base 2, what is -100111110 + 1101111?
-11001111
In base 7, what is -5250 - -1?
-5246
In base 13, what is -11 - 1?
-12
In base 3, what is -102110 - -11?
-102022
In base 4, what is -20312 - 22?
-21000
In base 7, what is 21 + -2135?
-2114
In base 6, what is 100 - -20?
120
In base 12, what is 3 - -1?
4
In base 3, what is 2022 - 21?
2001
In base 12, what is -9 + 2?
-7
In base 6, what is 12 - -3050?
3102
In base 14, what is -b + -12?
-1d
In base 6, what is -4 + 212?
204
In base 15, what is 5 + -e0d?
-e08
In base 13, what is -4 + 12c?
128
In base 11, what is 2 + 15?
17
In base 12, what is -4 - -13?
b
In base 11, what is 228 + 5?
232
In base 8, what is 3 + 12263?
12266
In base 14, what is -36 - -5?
-31
In base 6, what is -3 - -2355?
2352
In base 9, what is 1246 + -4?
1242
In base 10, what is 14 - 368?
-354
In base 9, what is -1 + 172?
171
In base 10, what is -4 + -254?
-258
In base 10, what is -78 + -70?
-148
In base 10, what is 910 - 1?
909
In base 14, what is -5 - -579?
574
In base 10, what is -785 - 4?
-789
In base 8, what is -2277 - 0?
-2277
In base 6, what is -1 - -323?
322
In base 10, what is 11 + -15?
-4
In base 5, what is -24 - 124?
-203
In base 6, what is -5 - -5505?
5500
In base 10, what is 14 - -90?
104
In base 7, what is 3 - 656?
-653
In base 14, what is -1 + -13a?
-13b
In base 15, what is -5 + -79?
-7e
In base 16, what is -114 - 1?
-115
In base 4, what is -1310 + -11?
-1321
In base 15, what is 1ed + 0?
1ed
In base 6, what is -1151 + -1?
-1152
In base 13, what is -1 - 2?
-3
In base 14, what is -2 + 10?
c
In base 5, what is -4 + 10030?
10021
In base 8, what is -2273 + 3?
-2270
In base 6, what is -221 + -3?
-224
In base 3, what is 101 - -120200?
121001
In base 14, what is -21 + -1b?
-3c
In base 16, what is 221 + 5?
226
In base 2, what is 1101001110 - -100?
1101010010
In base 10, what is 484 + 5?
489
In base 11, what is -4 + 78?
74
In base 13, what is 84 - 0?
84
In base 7, what is -41 - 1?
-42
In base 11, what is a + -937?
-928
In base 7, what is 4 + 222?
226
In base 2, what is 10110001001 - -1?
10110001010
In base 5, what is 433034 - -3?
433042
In base 16, what is -f + 2b?
1c
In base 2, what is 0 - 11?
-11
In base 13, what is -5 - 283?
-288
In base 15, what is 14b5 - -5?
14ba
In base 6, what is 431 - 1?
430
In base 5, what is 4114 - 10?
4104
In base 14, what is -1a1 + -4?
-1a5
In base 16, what is -26 + -1?
-27
In base 4, what is 103322 - 1?
103321
In base 8, what is 527 - 0?
527
In base 14, what is 152 + 1?
153
In base 11, what is -1188 + -5?
-1192
In base 3, what is 1 - 1111?
-1110
In base 16, what is 4 - -7?
b
In base 4, what is 1312 - 0?
1312
In base 9, what is 6 + 12?
18
In base 12, what is 4253 + 1?
4254
In base 11, what is 12 - -26?
38
In base 12, what is 93 + -5?
8a
In base 14, what is -192 - 4?
-196
In base 2, what is -110 - -101101100?
101100110
In base 11, what is -2 + -1877?
-1879
In base 11, what is 1 + 4?
5
In base 9, what is 235 - 0?
235
In base 9, what is 1578 - 3?
1575
In base 12, what is 5 - 61?
-58
In base 8, what is -225 + 5?
-220
In base 16, what is -14 - 168?
-17c
In base 16, what is c4 + -5?
bf
In base 12, what is 447 + -1?
446
In base 5, what is 0 + -2140?
-2140
In base 7, what 